 2*m - 1226. Calculate the remainder when 82 is divided by m.
2
Let l = -46 - -85. Calculate the remainder when 114 is divided by l.
36
Suppose -6*p + 1 - 19 = 0. What is the remainder when (-6)/(-3)*26 + p is divided by 13?
10
Let u = -22 - -24. Suppose 3*c = 2*g - 60, 5*g = 2*c + u*c + 136. Suppose 0 = -5*d - 0*d - k + g, k - 4 = -d. What is the remainder when 6 is divided by d?
1
Let z = -71 - -150. Suppose 2*b = z + 47. What is the remainder when b is divided by 22?
19
Let i(x) = 2*x**3 - 33*x**2 - 94*x - 10. Let v(g) = 12*g**2 - 2*g. Calculate the remainder when v(-2) is divided by i(19).
7
Let h = -23 - -44. What is the remainder when (3/(-2))/(h/(-28)) is divided by 1?
0
Calculate the remainder when 1/(1/(155 + 0/6)) is divided by 33.
23
Let b be (-6)/2 - (2 - 97). Suppose 2*p + 4*o = -48, -3*p + 8*p + b = -3*o. Let n = 20 - p. Calculate the remainder when n is divided by 19.
17
Calculate the remainder when 7/((-14)/(-148)) - (-5)/(-1) is divided by 37.
32
Suppose 0 = -u + 394 + 360. Calculate the remainder when u is divided by 21.
19
Suppose -5*u + 5*x = -85, -5*u + 34 + 47 = -4*x. Suppose 3*w = -232 - 101. Let f = -62 - w. What is the remainder when f is divided by u?
10
Let p(u) = 52*u + 341. Let k = 561 + -302. What is the remainder when k is divided by p(-6)?
27
Let c be 5 + 1 - (-3 + 4). Suppose -67 = -c*n + 3. Suppose 0 = -3*w + 5*w - n. What is the remainder when 27 is divided by w?
6
What is the remainder when 1 - 4 - 1192/8*-1 is divided by 30?
26
Suppose -s = -b - 16, 5*s + 130 = 2*b - 7*b. Let p = b + 48. Let y(j) = -j**2 - 2*j + 13. Calculate the remainder when p is divided by y(-3).
7
Suppose 4*f + 0*f = -636. Calculate the remainder when 2/((-6)/f) + 3 + -3 is divided by 18.
17
Let s(t) = t**3 + 14*t**2 + 2*t + 43. What is the remainder when 206 is divided by s(0)?
34
Suppose 2*h = -2*c + 32, -h + 0*h - 2*c + 14 = 0. Let r = -2117 - -2185. What is the remainder when r is divided by h?
14
Suppose -7*p - 928 = -2307. Suppose 320 + p = 11*y. What is the remainder when y is divided by 12?
11
Let g(y) = 2*y**2 - 19*y + 10. Let a(h) = h**3 - 8*h**2 + 2*h - 7. Let f be a(8). Calculate the remainder when g(f) is divided by 1.
0
Let o(n) = 15*n + 99. What is the remainder when o(-5) is divided by 12?
0
Let o be ((-12)/(-15))/((-4)/20). Calculate the remainder when (-405)/(-10) - (-2)/o is divided by ((-6)/(-8))/(3/60).
10
Suppose 7*j - 2132 = -494. Calculate the remainder when j is divided by 222.
12
Suppose 104 - 258 = -2*s. Calculate the remainder when 307 is divided by s.
76
Let a(o) = -o**2 + 19*o + 25. What is the remainder when a(16) is divided by 19?
16
Suppose -2*t - v + 200 = 0, -2*t = 5*v - 183 - 33. Let o = 492 - 422. Let b = t - o. What is the remainder when 111 is divided by b?
27
Let u = -45 - -67. Let k = u + 3. Calculate the remainder when 3*1*73/3 is divided by k.
23
Let i be 1*1*(-2 - 2). Suppose 5*g = 2*r - 25, -4*g + 2 - 22 = -r. Calculate the remainder when 29 is divided by 4 - ((g - i) + -3).
5
Let h = 3 - 0. Suppose h*o - 12 = o. What is the remainder when (-6 + (8 - 1))*23 is divided by o?
5
Calculate the remainder when (-5)/(-2)*4/(-2) - -54 is divided by 23.
3
Suppose -4*u + 490 = -5*f, 0 = 10*u - 7*u + 3*f - 381. What is the remainder when u is divided by 22?
15
Let d be (-2301)/(-91) - (-4)/(-14). Let y = 7 - d. What is the remainder when y/(-117) - 1400/(-26) is divided by 14?
12
Suppose 2*r - 2*i = -4, 2*r = -3*r + 2*i + 5. Suppose 2*x = -8, -4*a - 5*x = 31 + 17. What is the remainder when r/((-3 - a)/92) is divided by 18?
15
Calculate the remainder when 1974/(6 - -15) - 2/(-2) is divided by 5*((-38)/(-10) - 1).
11
Let q be (-2 - (-10)/4)*(-1808)/(-8). Let y = -49 + q. Calculate the remainder when y is divided by 5.
4
Suppose 0 = 4*o - 0*o - 156. Suppose q = 6 - 17. Let j(y) = -3*y - 23. Calculate the remainder when o is divided by j(q).
9
Suppose 2*c = 5*w + 125, 5*c - 2*c = 3*w + 174. Calculate the remainder when c is divided by 16.
7
Let n(m) = 11*m**2 + 9*m - 4. What is the remainder when 197 is divided by n(-2)?
21
Suppose -2*w - i + 9 = 0, 6*i = -5*w + 2*i + 24. Suppose -w*f + 129 = -99. What is the remainder when f is divided by 13*596/650 + 4/50?
9
Let j(s) = -s + 29. Let g = -40 - -39. What is the remainder when j(0) is divided by 2/3*g*(-25 + 1)?
13
Suppose 0 = -2*f + 29 + 33. Suppose 3*u = -2*d + 38, 0 = 255*u - 258*u. What is the remainder when f is divided by d?
12
Suppose 3*f + 4*r - 1408 = 0, -4*f + 5*r - 78 + 2007 = 0. What is the remainder when f is divided by 10?
6
Let x = 5 - -193. Let p(b) = b**2 - b + 4. Let g be p(-6). Suppose 4*u - x + g = 0. Calculate the remainder when u is divided by 8.
6
Let n(y) = -4*y + 77. What is the remainder when 35 is divided by n(16)?
9
Suppose 0 = -3*u + r + 360, u - 3*r - 120 = r. What is the remainder when u is divided by 18?
12
Calculate the remainder when 69 is divided by (-3 - 3)*(-27)/18.
6
Suppose 4*f - 68 = 5*p, -4*f + 2*p = -2*f - 32. What is the remainder when 380 is divided by f?
8
Let h be (-1)/(10/(-276)) - (-14)/35. Calculate the remainder when 17 is divided by (-5)/2*h/(-10).
3
Let s(o) = -2*o + 70. What is the remainder when 681 is divided by s(17)?
33
Suppose -9*k + 255 = -51. What is the remainder when k is divided by 12?
10
Suppose -x = x - 6. Suppose 5 = -x*q + 29. Calculate the remainder when q is divided by (-2)/4*(1 - 11).
3
Suppose 0 = 2*f + m - 298, 0*f - 2*f = -4*m - 288. Let r = -83 + f. What is the remainder when 126 is divided by r?
61
Let c(o) = -o**3 + 31*o**2 + 66*o + 4. Let k = 2 - -20. Suppose k = 2*m + 8. Calculate the remainder when m is divided by c(33).
3
Let n = 5 - 3. Suppose 7*o - n*o = 0. Suppose 3*y - 8*y + 85 = o. What is the remainder when 50 is divided by y?
16
Let q be 1/10 - 534/(-60). Suppose 0 = -f + q*f - 152. Let d = 137 - 63. What is the remainder when d is divided by f?
17
Let k(r) = -3*r**2 - 18*r - 8. Calculate the remainder when 116 is divided by k(-5).
4
Suppose 2*j = -3*j + 305. Let k(u) = -u**3 + 9*u**2 - 3*u - 7. Let b be k(8). Let i = b - 17. What is the remainder when j is divided by i?
13
Let a(m) = -3*m - 10. Let o be a(-6). Suppose -o*y + 4*y + 308 = 0. What is the remainder when y is divided by 20?
17
Suppose 8*m = 3*m + 4*c + 27, 6 = -m - 3*c. Let s be 0 - (m + -3)/(-3). Suppose w - 2*f + s = 2, 5*f = w + 10. What is the remainder when 28 is divided by w?
8
Suppose -3*m = -20*m + 527. What is the remainder when 100 is divided by m?
7
Let x(w) = -w + 1. Let h(q) = q - 32. Let g(l) = -h(l) + x(l). What is the remainder when 31 is divided by g(8)?
14
Let p(c) = 3*c**2 + 69*c + 71. What is the remainder when 363 is divided by p(-22)?
3
Let f(m) = -270*m**3 - 2*m**2 - m + 2. What is the remainder when f(-1) is divided by 21?
19
Let p be (-161)/46*(-60)/14. Suppose 7*o + 24 = 4*o. Let m = p + o. What is the remainder when 33 is divided by m?
5
Suppose -3*d + 3*k + 139 - 55 = 0, 4*k = -3*d + 112. What is the remainder when 100 is divided by d?
4
What is the remainder when 110 is divided by -188*3/(-12) - (4 - 0)?
24
Let n(h) = -4*h - 101. Let q(y) = -y - 25. Let m(t) = 2*n(t) - 9*q(t). What is the remainder when 118 is divided by m(7)?
28
Let q be 5*(1 - 2)*-1. Let t be 10 - (6/(-2) + q). What is the remainder when -3*-1*(t + 3) is divided by 12?
9
Let u = 0 - 0. Suppose u*c + c = 14. Suppose 5*r = 3*r - 2*i + 42, 140 = 5*r - 2*i. What is the remainder when r is divided by c?
12
Suppose -3*a = 0, 2*a + 39 = 3*j - 33. Let s = -12 + j. Suppose -4*d - 2 = 3*m + 2, s = -2*m - 5*d. What is the remainder when 11 is divided by m?
3
Suppose 6*f + 7872 = 70*f. What is the remainder when f is divided by (2 - 1)/((-2)/(-50))?
23
Calculate the remainder when 241 is divided by (-6)/39 - (0 - 2274/78).
9
Let r(o) = 5*o + 3. Let f(z) = 11*z + 6. Let n(i) = -3*f(i) + 5*r(i). Calculate the remainder when n(-9) is divided by 14.
13
Let l(c) = -c**2 + 3*c + 63. Let g be l(0). Suppose -4*z + 5*o + g = 0, 74 = 3*z + 2*o - 2. Calculate the remainder when z is divided by 9.
4
What is the remainder when 150 is divided by (-25)/50 - (97/(-2) - -2)?
12
Suppose 0 = 4*o - 2*i - 32, -o + 14 = 3*i - 8. What is the remainder when 40 is divided by (-6)/16*-4*o?
10
Suppose 0 = -5*l - 5*a + 1830, 30*a = 3*l + 32*a - 1